uppose -v + 11 = -2*x, -5*v - x = 3*x - 13. Calculate the greatest common factor of v and w.
5
Let p = -4 + 7. Let y(n) = 3*n + 2. Let v be y(-4). Let r be (-15)/v*16/p. Calculate the highest common divisor of 8 and r.
8
Suppose -38 - 116 = -t. Let l be 18*(-12)/(-9) + -2. Calculate the greatest common factor of t and l.
22
Suppose 0 = 5*o + 31 - 146. What is the greatest common divisor of o and 184?
23
Suppose -2*k + 3*k - 4 = 0. Let f be 0/(-2 + k) + 24. Suppose 0 = d - 3 - 3. What is the greatest common factor of f and d?
6
Let p be 5*98/30*3. What is the greatest common divisor of p and 14?
7
Suppose 27 - 5 = 2*b. What is the highest common divisor of 44 and b?
11
Let s(g) = 2*g + 2 - g + 10*g**2 - 9*g**2. Let q be s(-3). Calculate the greatest common factor of q and 24.
8
Let t = 72 + -62. Let j(b) be the third derivative of b**5/30 + b**4/12 - 2*b**3/3 - b**2. Let m be j(-4). What is the highest common factor of t and m?
10
Suppose 0 = -2*i + 34 + 8. Suppose -4*l = -3*m + 7, 5*m + i = 2*l + 56. What is the highest common divisor of 45 and m?
9
Let z(w) = -15*w + 9. Let x be z(-6). Let m = 139 - x. Calculate the greatest common divisor of m and 5.
5
Let i(m) = 2*m**2 - 3*m + 19. Let b be i(-5). What is the highest common divisor of 60 and b?
12
Let f(g) = -5*g**3 - g + 4. Let o(a) = 6*a**3 + a**2 + a - 5. Let u(m) = 7*f(m) + 6*o(m). Let b be u(-6). What is the greatest common factor of b and 36?
4
Suppose 5*a - 5*q = -55, 7 - 3 = -4*a - 4*q. Let h be ((-120)/(-3))/((-2)/a). Let o be h/(-16)*(-56)/10. Calculate the highest common divisor of o and 7.
7
Let u be (-2)/(-9) - (-22)/(-18). Let r be (-27)/(-4) + u/(-4). Calculate the greatest common divisor of 28 and r.
7
Let y(i) = 3*i. Let a be y(3). Suppose 0 = 7*j - 0*j - 7. What is the highest common factor of j and a?
1
Let y be (-2)/(-4) + 115/10. What is the highest common factor of y and 132?
12
Suppose 9*l = 10 + 8. Calculate the highest common divisor of l and 5.
1
Let g = 106 - 88. Suppose 2*m + m + 4*k + 7 = 0, 2*k + 23 = 5*m. Suppose 241 = m*r - 29. What is the greatest common factor of r and g?
18
Suppose -i + 43 = x, -i - 10 + 59 = -2*x. What is the greatest common divisor of i and 5?
5
Suppose 48 = 4*o + 2*w, -2*o + 16 = -0*o + 5*w. Calculate the highest common divisor of 104 and o.
13
Let l = -6 + 19. Let z = -66 + 123. Suppose 4*i = -p - 7, 7*p - z = 3*p + i. Calculate the highest common divisor of p and l.
13
Let s be 10 - ((0 - 1) + 1). Calculate the highest common factor of 110 and s.
10
Let f be (0 - -2) + (0 - 6). Let d be 765/18 + (-6)/f. Suppose -4*i + 5*b = -54, 2*i = 2*b - 0 + 26. What is the highest common factor of d and i?
11
Let v(f) = 4*f - 6. Let j be v(-6). Let h = 78 + j. What is the greatest common factor of h and 12?
12
Suppose -3*k = y - 93 - 45, 0 = 2*y + 3*k - 270. What is the greatest common divisor of y and 12?
12
Let k = -176 - -266. Suppose 0 = z + 3*z - 40. Calculate the greatest common factor of k and z.
10
Let p(v) = -2*v - 3. Let h be p(-3). Let x be (-124)/(-10) + (-4)/10. What is the highest common divisor of h and x?
3
Let l(k) = -k**3 - 7*k**2 - 8*k - 9. Let q be l(-6). Calculate the greatest common divisor of q and 2.
1
Suppose 0 = -2*p + 69 + 19. What is the highest common factor of p and 11?
11
Let q(i) = i**2 - 13*i - 6. Let l be q(12). Let f be (-2)/(-9) + (-140)/l. What is the greatest common divisor of f and 40?
8
Let g be 1/((-49)/(-553)) + (-2)/7. Suppose n + 5*r - 70 = 0, -3*n + 5*r = -7*n + 235. Calculate the greatest common divisor of n and g.
11
Let i be 0 - (-91 - -3)/4. Calculate the highest common divisor of i and 2.
2
Let u(r) = 4 - r - 2 + 6 + 0. Let t be u(0). Calculate the highest common factor of t and 16.
8
Let f be (-14 + 2)/((-2)/3). Calculate the highest common factor of f and 54.
18
Let m(u) = -u**3 - 15*u**2 - 2*u - 9. Let z be m(-15). What is the highest common divisor of 7 and z?
7
Let r be 4 - 3 - -28*4. Suppose -9 = 3*p, r = 4*v - p + 6*p. Let f(z) = -z**2 + 8*z + 9. Let c be f(7). What is the highest common divisor of v and c?
16
Suppose 0 = -4*r - 2*i + 12, 4*r - 4*i - 2 = 10. What is the highest common divisor of 1 and r?
1
Let k(a) = -a**3 - 4*a**2 - 5*a - 3. Let r be k(-6). What is the highest common factor of r and 9?
9
Suppose 13 - 8 = 5*c. Suppose 5*l + 2 - 42 = 0. Calculate the greatest common factor of c and l.
1
Let q be 43/5 - 18/30. Calculate the greatest common factor of q and 12.
4
Let y be (6 - (2 + 0))*2. Let b = y - 13. Let k = b - -8. What is the greatest common divisor of k and 24?
3
Suppose 0*o + 24 = -o. Let u be o/(-14) - 14/(-49). Suppose u*m + d = 205, 5*d - 52 = -m + 37. What is the greatest common divisor of 13 and m?
13
Suppose l - 5 = 2*l, -65 = -5*k + l. Suppose -5*y + 120 = 3*x, -4*y + x + 133 - 37 = 0. What is the highest common factor of y and k?
12
Let v(a) = -a**3 + a**2 - 2*a + 31. Let c be v(0). Let u = -19 + c. What is the highest common factor of u and 96?
12
Let t(q) = 4*q - 12. Let f be t(6). What is the highest common divisor of f and 132?
12
Let v be 5*(5 - 1)/4. Suppose 0*k - 575 = -v*k. What is the greatest common factor of 46 and k?
23
Let u be (3 - (-23)/(-3))*3. Let c = 53 + u. What is the highest common divisor of 26 and c?
13
Let l be 8/10*(-2)/2*-20. What is the highest common factor of l and 48?
16
Suppose -5*y + 164 + 151 = 0. What is the greatest common divisor of y and 7?
7
Let y(u) = u - 14. Let m be y(15). Calculate the greatest common divisor of 8 and m.
1
Suppose 0 = -4*f + 3*z + 19, 6*z = 5*f + z - 30. Let d be (4 - (1 - -2))*f. Calculate the highest common factor of d and 2.
1
Suppose 4*p = 2*y + 42, -6*p - y - 41 = -10*p. What is the highest common factor of p and 25?
5
Suppose -50 = -3*h + 40. Suppose -h = -v - 4*v. What is the greatest common divisor of 48 and v?
6
Let d = -445 - -643. Calculate the highest common factor of d and 18.
18
Let k(w) = w**3 + 8*w**2 + 8*w - 6. Let z be k(-6). Calculate the highest common divisor of 27 and z.
9
Let n(w) = -56*w - 1. Let o be n(-1). Suppose 3*b - o - 5 = 0. Calculate the greatest common divisor of 80 and b.
20
Let r be 2/(-10) + (-191)/(-5). Suppose -3*o - 4*d = -2, -2*o - 2*d = d - 3. Let z = o + r. What is the highest common divisor of z and 8?
8
Let z = 17 + -8. Let n be -2*(-1)/(-2) + -75. Let t = n + 121. Calculate the greatest common divisor of t and z.
9
Let t be -17*(-5)/4 + (-16)/64. What is the greatest common factor of t and 28?
7
Let n = 1 + -1. Suppose n = -2*a + a + 26. Let j be 6 - -3 - (-3 - 1). Calculate the greatest common divisor of a and j.
13
Suppose 3*z + s + 4 = 3, -5*s + 25 = 0. Let b = 8 + z. Calculate the highest common divisor of b and 6.
6
Let r = 19 + -3. Suppose b - 7*t + 3*t = 18, 2*b = -5*t - r. What is the highest common factor of b and 14?
2
Let w be 2/4 + (-18)/(-4). Let n = -37 + 57. Calculate the highest common divisor of n and w.
5
Let m = -38 - -74. Suppose c - 5*a = 18, -5*a = -4*c + 2*c + 21. Suppose 5*x = 2*w - 63, -3*w + 105 = w - c*x. What is the highest common divisor of w and m?
12
Let z = 5 + -3. Suppose z*j + 30 = 7*j. Calculate the highest common factor of 42 and j.
6
Suppose 0 = -w - 0*w - j + 42, -2*w + 78 = 4*j. What is the highest common divisor of w and 9?
9
Let k = -20 - 1. Let s = k - -85. Let n(g) = -g + 2. Let r be n(-6). Calculate the greatest common factor of r and s.
8
Let t be 47/3 + (-1)/(-3). Suppose 0*n + 4*n = t. Suppose -l + 2*l = 10. Calculate the highest common factor of l and n.
2
Let u = 7 + -5. Let c be (360/21)/u*70. Let q be (-3 + 1)/((-6)/c). What is the highest common factor of q and 25?
25
Let x be (-1)/(-2) + 30/4. Let n = x - -31. Suppose -3*v - 2*v = -65. Calculate the highest common factor of n and v.
13
Suppose 2 = 3*h - 5*q - 4, -4*h + 2*q = -8. Let u be 75/11 + h/11. Let w = 11 - 4. Calculate the highest common divisor of w and u.
7
Let g(x) = -x**3 + 11*x**2 - 16*x + 4. Let n be g(7). What is the greatest common factor of 66 and n?
22
Suppose 0*o + 40 = 4*o. Let c be (18/5)/((-12)/(-90)). Suppose -33 = -3*m + c. Calculate the highest common divisor of o and m.
10
Let o be (17 + 2 - 0) + -2. Let c = 8 + 9. What is the greatest common divisor of o and c?
17
Let u(o) = o**2 + 6*o + 1. Let m be u(-7). Calculate the highest